 c + 19 + 28 = 0. Let w = c + 62. What is the remainder when 26 is divided by w?
11
Suppose 3*t = 5*f + 316, 0 = -8*t + 4*t + 5*f + 418. Calculate the remainder when t is divided by 14.
4
Let f be (-6 + 3)/(-3) - -14. Suppose 13*l = -30 + 95. Calculate the remainder when (35/f)/((-3)/(-9)) is divided by l.
2
Suppose 3*y - 3*d = -7*d + 115, -127 = -3*y + 2*d. Calculate the remainder when 74 is divided by y.
33
Suppose 230*s - 220*s = 100. What is the remainder when 219 is divided by s?
9
Suppose 95*j = 102*j - 2723. Calculate the remainder when j is divided by 49.
46
Let u(z) = z**2 - 25*z + 69. Let i(g) = -g**2 + 9*g - 2. Suppose 0*v = 5*v - 30. What is the remainder when u(24) is divided by i(v)?
13
Suppose -m - z + 451 = 0, 0 = -5*m + 4*z + 3224 - 987. Calculate the remainder when m is divided by 50.
49
Let q(i) be the second derivative of 4*i**3/3 + 31*i**2 - 25*i. What is the remainder when 47 is divided by q(-6)?
5
Let v(w) = w**3 + 10*w**2 + 17*w + 33. Calculate the remainder when v(-8) is divided by (9/15 - 0)/((-2)/(-50)).
10
What is the remainder when (-93)/651 - 170/(-14) is divided by 3?
0
Let p = 27 - 25. Suppose p*g - 2*y - 48 = -7*y, 24 = g - 2*y. What is the remainder when 44 + 12/(-3) + 4 is divided by g?
20
Let h(f) = -11*f - 2. What is the remainder when h(-2) is divided by 18/4*-8*(-5)/15?
8
Suppose 0*g + 48 = 4*g. Let a = g - 10. What is the remainder when 4 is divided by a?
0
Let j = -132 + 146. What is the remainder when j is divided by 1?
0
Let t = 10 + -10. Suppose 4*f - 2*f = t. Suppose f - 7 = -x. Calculate the remainder when x is divided by 4.
3
Suppose 4*c - 472 = 4*t, 29*c = 25*c + t + 457. Calculate the remainder when c is divided by 58.
55
Let o = 21 - 5. Let b be 10/2 + (56 - -9). Suppose 5*z - 5*j = b, 4*j = 8*j + 20. Calculate the remainder when o is divided by z.
7
Let n(v) = -9*v + 0*v**2 + 0*v**2 - v**2 + 2. Let g(d) = d**3 + 7*d**2 + 14*d + 14. Calculate the remainder when n(-4) is divided by g(-3).
6
Suppose 2*l + 366 = 5*p + 55, 12 = -4*l. What is the remainder when 61 is divided by p?
0
Let h = 71 - -15. Suppose 0 = -32*w + 874 + 86. What is the remainder when h is divided by w?
26
Let s(o) = o - 2. Let n be s(5). Suppose -f + 7 = -n*d - 22, 5*f - 5*d = 105. Calculate the remainder when 50 is divided by f.
16
What is the remainder when 362 is divided by 0 + ((-8)/10)/((-16)/560)?
26
What is the remainder when 265 is divided by 5/90*6*69 + -4?
18
Suppose -b = 4*b - 2*n - 100, 0 = 2*n + 10. Let a = 43 + -69. Calculate the remainder when (-5424)/(-104) - (-4)/a is divided by b.
16
Let v = 128 + -45. What is the remainder when v is divided by 26?
5
Let y = 1010 + -988. Calculate the remainder when 229 is divided by y.
9
Suppose -2*d - 5*c = -18 - 172, 4*d - 4*c = 380. Calculate the remainder when d is divided by 12.
11
Let s = 62 + -59. Suppose z - 2 - s = 0, -125 = -5*o - z. Calculate the remainder when o is divided by 15.
9
Suppose -4*k = 5*d - 62, 2 = 2*d - 2*k - 30. What is the remainder when 259 is divided by d?
7
Suppose -14 = -3*j + 1. Suppose -2*y - 2235 + 2291 = 0. Calculate the remainder when y is divided by j.
3
Let s = 183 - 165. Calculate the remainder when s is divided by 5.
3
What is the remainder when (-2)/(-20) + (-12216)/(-240) is divided by 30?
21
What is the remainder when (1 + 295/(-15))/((-7)/147) is divided by 191?
10
Let y = 53 + -48. Suppose 5*f = q + 355, 3*f - y*q - 213 = -4*q. What is the remainder when f is divided by 15?
11
Let r = 12 + -20. Let y(c) = c**2 + 12*c - 82. What is the remainder when -4*(-7)/r*-2 is divided by y(5)?
1
Suppose 3*h = 2*l - 2*h - 17, -4*h = 4*l - 20. Calculate the remainder when 43 is divided by l/(-4)*(-44)/6.
10
Let n be 8/16*(-8 - (-1 - -3)). Let s(f) = -6*f - 6. What is the remainder when 45 is divided by s(n)?
21
Suppose i + i = -9*i + 1133. Let t = 55 + -34. Calculate the remainder when i is divided by t.
19
Suppose -762 = -6*w + 1536. Calculate the remainder when w is divided by 12.
11
Let n = -1188 + 1489. What is the remainder when n is divided by 69?
25
Let s = 170 + -146. Let t(b) = 5*b**2 - 3*b + 2. Let l = 7 - 11. Calculate the remainder when t(l) is divided by s.
22
Suppose -74 - 46 = -15*a. Calculate the remainder when 85 is divided by a.
5
Let s = 13 - -8. Suppose -s = -4*q + 11. Calculate the remainder when 55 is divided by q.
7
Let k(l) = 6*l - 49. Calculate the remainder when 3 + (3 - 2) - -14 is divided by k(9).
3
Suppose 2*d - 208 = -0*d. Calculate the remainder when d is divided by ((-35)/(-4))/(-1)*80/(-20).
34
Let t = 1578 - 1564. What is the remainder when 375 is divided by t?
11
Suppose 7*v + 756 = 4*v. Calculate the remainder when ((-5)/(-3)*-1)/(12/v) is divided by 9.
8
Let g be -36 + (-1 + 3 + -4)/(-2). Let k = g + 68. What is the remainder when 95 is divided by k?
29
Suppose 5*i + 3 = 4*i. Let s(x) = -3*x - 2. Calculate the remainder when 2/(-4) - (-81)/6 is divided by s(i).
6
Suppose -11*g - 29*g = 240. Suppose 2*t - 12 = -2*t. What is the remainder when 43/t*g/(-2) is divided by 15?
13
Let q(w) = 10*w - 2. Let f(l) = 4*l + 28. What is the remainder when q(3) is divided by f(-3)?
12
Suppose -5*o + 385 = 5*y, 0 = -5*o + 4*o + y + 81. Suppose 51 = 10*j - o. What is the remainder when 46 is divided by j?
7
Let f(v) = -48*v + 419. Calculate the remainder when f(6) is divided by 45.
41
Suppose -t - 6 = -33. Suppose 1 = -5*x + 366. Suppose -2*d + t = -x. Calculate the remainder when d is divided by 17.
16
Suppose 0 = 6*d - 158 + 32. Suppose 2*z - d = 7. Calculate the remainder when 69 is divided by z.
13
Suppose 22 = 5*o - 3. Suppose -o = -7*q + 6*q. Calculate the remainder when 22 is divided by q.
2
Let i be -1*(-2)/6 + (-16)/12. Calculate the remainder when 107 is divided by (45/12 + i)*(12 - 4).
19
Let z(s) = s**3 + 8*s**2 - s + 3. Let n be z(-8). What is the remainder when n - (2 - (-2 - -4)) is divided by 224/36 - 1/36*8?
5
Suppose -5*j + p = -260, -p - 66 = -j + 2*p. Suppose 4*v + 57 = i + 4*i, 3*i - 4*v - 39 = 0. Calculate the remainder when j is divided by i.
6
What is the remainder when 192 is divided by 15/(-2)*(48/(-36) - 12)?
92
Let j(h) = h**3 + 8*h**2 - 3*h + 3. Let k(o) = o**2 - 30*o - 704. What is the remainder when j(-5) is divided by k(-16)?
29
Let s = -864 + 1285. Calculate the remainder when s is divided by 85.
81
Let c = 23 + -5. Let n = 3 + c. Suppose 0 = 4*u + u - 405. What is the remainder when u is divided by n?
18
Suppose -640 = -4*g - 304. Let u = 78 + -39. Let q = g - u. Calculate the remainder when q is divided by 12.
9
Let d be -3 + 0 - (1 + -12). Calculate the remainder when 0/(-1) - (-170)/(3 + 2) is divided by d/(-28) - (-256)/14.
16
Let d be (-18)/(-6)*-3*10/45. Let p(g) be the first derivative of -5*g**2 + g + 2. Calculate the remainder when 39 is divided by p(d).
18
Let x = 542 - 341. Suppose 3*f = -3*k + 190 - 46, -3*k + 168 = -5*f. Calculate the remainder when x is divided by k.
48
Let o(h) = h**2 - 6*h + 1. Let t be o(6). Suppose 4*z + 0*z + t = w, 1 = w. Suppose z*a + 16 = 4*a. Calculate the remainder when a is divided by 1.
0
Suppose -2*h + 0*h - 34 = 2*d, 2*d + 3*h = -37. Calculate the remainder when 71 is divided by (-172)/d + 10/(-35).
11
Let l = -44 - -79. What is the remainder when 36 is divided by 14/l - (-98)/5?
16
Suppose -2*v = -163 + 55. Calculate the remainder when 155 is divided by v.
47
Suppose -104*u - 1480 = -112*u. What is the remainder when u is divided by 55?
20
Suppose 5*h - 25 = -0. Suppose -60 = -5*g + h*p, 28 = 4*g - g + p. Suppose 5*r + 14 = 2*n - 7, 3*n = -5*r - 6. Calculate the remainder when g is divided by n.
1
Suppose d + b = -1 + 5, -4*d - 5*b + 16 = 0. Suppose 15 = 5*r, -a = -6*r + 2*r + 16. Calculate the remainder when 7/(16/72*(-6)/a) is divided by d.
1
Suppose -3*p - 13*u + 39 = -15*u, 0 = 17*p - 5*u - 202. Calculate the remainder when 53 is divided by p.
9
Suppose 4*q = 3*q + 18. Let j = 31 - q. What is the remainder when 22 is divided by j?
9
Suppose -s + 60 = 3*t, -2*s - 3*s - t = -286. Let b = 23 - 30. Let o = b + s. Calculate the remainder when o is divided by 13.
11
Let h(l) = -l**2 - 11*l + 31. What is the remainder when h(-9) is divided by 13?
10
Let c(g) = -103*g**3 + g**2 - 4*g - 5. What is the remainder when c(-1) is divided by 32?
7
Supp